eatest common factor of 28 and z.
7
Suppose 3*d + v = -3*v + 54, 5*v - 95 = -5*d. Calculate the highest common divisor of d and 803.
11
Let d(o) = 41*o**2 + 1. Let k be (-32)/6 + 6/(-9). Let w = k + 7. Let q be d(w). What is the greatest common factor of q and 63?
21
Let j(r) = -r**3 + 14*r**2 + 31*r + 60. Let u be j(16). Calculate the greatest common factor of 1056 and u.
44
Let h(a) = 2*a**3 + 61*a**2 + 29*a - 14. Let z be h(-30). Suppose 4*o = 3*x + 244, 0 = 2*o + x - 27 - 105. What is the highest common divisor of o and z?
16
Let y(r) = r - 14. Let b be -1 - (-18 - (-3 - -2)). Let f be y(b). Let j be f/(452/(-114) - -4). Calculate the greatest common divisor of j and 38.
19
Let c = -538 - -941. Calculate the highest common factor of 62 and c.
31
Suppose -2*y = 21 - 27. Suppose 4*v - b - 9 = 0, -4*v + v + 2*b + y = 0. Let d = 26 - -7. Calculate the highest common factor of v and d.
3
Suppose n = 5*b + 40, 41 = 2*n + b + 2*b. What is the highest common factor of 20 and n?
5
Let z be (150/(-60))/(2/(-68)). What is the greatest common factor of 187 and z?
17
Suppose 8*v = -259 + 2003. Suppose -15*r + v + 97 = 0. Calculate the highest common factor of 7 and r.
7
Suppose 4719 = -25*d + 36*d. Let x(b) = -5*b**3 + 2*b + 3. Let j be x(-2). Calculate the greatest common divisor of j and d.
39
Let r = 3 - 1. Suppose -58 - 14 = -3*g + 3*p, 0 = -r*g - 5*p + 83. Let k = g - 18. Calculate the highest common factor of 22 and k.
11
Suppose 0 = t + 4*t - 85. Let v be 276 + (4/6 - 686/147). What is the highest common factor of t and v?
17
Let v(y) be the third derivative of y**5/12 + y**4/24 + 8*y**3/3 + 13*y**2. Let d be v(-4). Calculate the greatest common divisor of 23 and d.
23
Suppose -3*z - 138 = -5*z. Let i = -258 - -304. What is the greatest common divisor of z and i?
23
Let g = 20 - -4. What is the greatest common factor of g and 408?
24
Let a = -404 + 521. Calculate the greatest common divisor of 91 and a.
13
Suppose -g = -2, -2*x - 5*g = -105 - 9. Calculate the highest common divisor of x and 52.
52
Let w(m) = 19*m - 10. Let x be w(39). What is the greatest common divisor of 86 and x?
43
Let j = 902 + -537. Suppose 7*b + 113 = j. Calculate the greatest common divisor of b and 54.
18
Let j be (3 + 588)*(23 + -5)/6. Calculate the greatest common factor of 9 and j.
9
Let c be (-162)/(-5) + 4/(-10). Let q = 180 - 181. Let n = 47 - q. What is the highest common factor of c and n?
16
Let z = 308 + -14. Let p be 0*(2 + (-2 - 1)). Suppose 2*i - z = -p*i. What is the highest common factor of i and 21?
21
Let h be (0 + -88)*(-2 + 5 + -4). What is the greatest common divisor of h and 11?
11
Suppose -2*c + 3429 = 7*c. Let r = -229 + c. Calculate the highest common divisor of 19 and r.
19
Suppose -1983*d = -1987*d + 8. Let y = -7 - -29. Calculate the highest common factor of y and d.
2
Suppose -40*p = -42*p + 48. Calculate the highest common divisor of 32 and p.
8
Suppose 241*o - 75 = 238*o. Let k = 39 - 29. What is the greatest common divisor of k and o?
5
Let x(w) = 35*w**2 + 17*w + 15. Let l be x(-4). Calculate the highest common divisor of 39 and l.
39
Suppose 145*v = 144*v + 13. What is the greatest common factor of v and 65?
13
Suppose t - 5399 = -127. Let v be t/4 + 6/(-3). Let o be v/24 + (-4)/(-24). What is the greatest common divisor of 11 and o?
11
Suppose 70*l - 72*l = -230. Calculate the highest common factor of 207 and l.
23
Let r = 8 + -3. Suppose m - r*d - 31 = 0, 67 = 5*m - 6*d + 3*d. What is the highest common divisor of 77 and m?
11
Suppose -2*g = 2 - 0. Let p = g + 9. Let o be (-871)/(-134) + -6*2/(-8). Calculate the highest common factor of p and o.
8
Let l = -2013 + 2063. What is the greatest common divisor of l and 350?
50
Let i be -2 - -6 - (2 - 1). Let p be ((-10)/(-20))/((3 + 3)/468). What is the highest common factor of p and i?
3
Suppose 12*y = k + 8*y - 316, y + 915 = 3*k. What is the greatest common factor of 128 and k?
16
Let m = -22 - -28. Suppose -2*v = -m, -p - p + v = -367. Suppose -5*s - d + 224 = 0, 3*s - 7*s + p = -5*d. What is the greatest common divisor of s and 5?
5
Let h = -8 - -12. Let u be (-35)/(-10) + -2 - 250/(-4). Suppose m - h*y = 8, 0*m + 4*y = 3*m - u. Calculate the highest common factor of m and 42.
14
Let l = -45 + -6. Let c = -23 - l. What is the highest common factor of 56 and c?
28
Suppose 141 = -3*s + 1089. What is the highest common factor of s and 79?
79
Suppose -87 + 22 = -5*q + 4*x, -5*x = -25. Let z(v) = -v**2 + 17*v + 2. Let w be z(q). What is the highest common divisor of 1 and w?
1
Let l be 34*(-1)/6*-3. Suppose -19*b + 62 = -l*b. What is the highest common factor of 341 and b?
31
Suppose 2*y + 157 = g, 3*g - y + 32 - 493 = 0. Calculate the highest common factor of 9 and g.
9
Suppose 0 = w + 18 - 4. Let v = -11 - w. Suppose -x - 192 = -v*x. What is the greatest common factor of x and 64?
32
Suppose 11 = b - 8. Suppose -b - 21 = -2*z. Let o(j) = 8*j - 20. Let d be o(10). Calculate the greatest common divisor of d and z.
20
Let w be ((-2)/3)/(6/(-72)). Let p be 2 - 2 - 2 - w. Let i be -1 + -2 - (p + 2). Calculate the highest common divisor of 25 and i.
5
Let o be (-32931 - 3)*7/(-42). Calculate the greatest common factor of o and 11.
11
Let m = 8 - 9. Let s be (-6 - -11)/(m/(-9)). Calculate the greatest common divisor of 5 and s.
5
Suppose 5*u = c - 352, 392 = c + 12*u - 7*u. What is the greatest common factor of 12 and c?
12
Suppose -5*s + 2*s + 3 = 0. Suppose k - i = 3 - 6, 0 = -4*k + 2*i - 22. Let f be 5/s + (k - -5). What is the highest common factor of f and 18?
2
Suppose 323 = 33*m - 16*m. What is the greatest common divisor of 304 and m?
19
Suppose -43 = -q + 5*m, 4*q + 0*q - 121 = 3*m. Calculate the highest common factor of q and 126.
14
Let b(y) = -y**2 + 11*y - 8. Let l be b(11). Let p = -8 - l. Let z = p + 5. What is the highest common factor of z and 35?
5
Let q be 3 - -4 - 3 - 6. Let s be (-74)/(-14) - q/(-7). Suppose -s*v - 14 = -2*x, 0*v + 5*v = 3*x - 16. Calculate the greatest common factor of x and 16.
2
Let u be -65 - -62 - (-4)/((-4)/(-291)). What is the greatest common factor of u and 9?
9
Let j(l) = -106*l + 256. Let s be j(-3). What is the greatest common divisor of 14 and s?
14
Suppose -90*p = -36*p - 4158. What is the highest common divisor of 55 and p?
11
Let v(y) = -11*y - 18. Let q be v(-3). What is the greatest common factor of 135 and q?
15
Let o be -4*8/(-16)*45/2. Calculate the greatest common factor of o and 120.
15
Let j(a) = a + 19. Let x be j(-14). Let n = 1 + -1. Suppose -2*c = -n*c - 10. What is the highest common divisor of x and c?
5
Let h be 2*20 - 6/2. Let c = h - 19. Suppose -r - r = -c. Calculate the greatest common divisor of r and 6.
3
Let q(y) = -31*y + 1. Let t be q(-1). Let s = t + -20. Let g(l) = -l**2 + 23*l + 14. Let j be g(22). Calculate the highest common factor of j and s.
12
Suppose o + 6 = 5*a, a + 2 = -4*o + 41. Calculate the greatest common divisor of o and 729.
9
Let j = -20 - -28. Let g be ((-8)/(-2) - 4) + j. Let u be 8/3*6/g. Calculate the highest common divisor of 8 and u.
2
Let g(s) = s**2 - 36*s + 378. Let i be g(14). Calculate the highest common divisor of i and 50.
10
Suppose -2*j + 3*r + 2285 = 0, -r - 1157 = -2*j + 1118. Calculate the greatest common factor of j and 5.
5
Let r(h) be the first derivative of -h**3/3 - 3*h**2 - 2. Let v be r(-5). Calculate the highest common factor of 5 and v.
5
Let g(j) = -11 + 7*j - 4*j - 3 + 1. Let i be g(6). Suppose -6 = -2*n - 3*o, i = 3*n - 5*o - 4. Calculate the greatest common divisor of n and 15.
3
Suppose 5*m - 3*b - 2*b - 60 = 0, 0 = -b + 5. Let n(q) = q**3 + 11*q**2 - 20*q - 79. Let u be n(-12). Calculate the greatest common factor of m and u.
17
Let p be (-344)/4 + 6/(-6). Let t = p + 202. Let y be 1*2 + (-792)/(-18). What is the greatest common factor of t and y?
23
Let p be ((-26)/(-4))/(3/12 + 0). What is the greatest common factor of 91 and p?
13
Let h = -2 - -4. Suppose -h*v + 7*v + 5*a = 5, -4*a - 20 = 0. Suppose -4*s = 5*o - 163, s = 4*s + 4*o - 122. What is the greatest common divisor of s and v?
6
Suppose 0*q + 0*q + 4*q = 0. Suppose -4*p + 17 = 5*s, 3*p - s - 8 = -q*p. What is the highest common factor of p and 2?
1
Suppose -908 = -w - 4*v, 0 = -10*v + 11*v + 5. What is th